2 is divided by 1830.
352
What is the remainder when 116134 is divided by 72?
70
What is the remainder when 1460 is divided by 402?
254
Calculate the remainder when 82847 is divided by 24.
23
Calculate the remainder when 15148 is divided by 7568.
12
What is the remainder when 333958 is divided by 69?
67
What is the remainder when 13089270 is divided by 392?
390
Calculate the remainder when 807059 is divided by 59.
57
Calculate the remainder when 2961 is divided by 596.
577
Calculate the remainder when 25963 is divided by 9.
7
Calculate the remainder when 83 is divided by 29.
25
What is the remainder when 5886 is divided by 38?
34
Calculate the remainder when 134354 is divided by 327.
284
What is the remainder when 1901 is divided by 488?
437
Calculate the remainder when 48962 is divided by 159.
149
What is the remainder when 208241 is divided by 158?
155
Calculate the remainder when 14859 is divided by 89.
85
What is the remainder when 32705 is divided by 23?
22
Calculate the remainder when 107725 is divided by 199.
66
Calculate the remainder when 40092 is divided by 27.
24
Calculate the remainder when 11654 is divided by 139.
117
Calculate the remainder when 1957 is divided by 245.
242
What is the remainder when 10056 is divided by 124?
12
What is the remainder when 963 is divided by 120?
3
What is the remainder when 1856565 is divided by 258?
255
Calculate the remainder when 7053 is divided by 2256.
285
What is the remainder when 34954 is divided by 1581?
172
What is the remainder when 1509 is divided by 128?
101
Calculate the remainder when 196920 is divided by 14.
10
What is the remainder when 617 is divided by 88?
1
Calculate the remainder when 5418 is divided by 5030.
388
What is the remainder when 35704 is divided by 35694?
10
Calculate the remainder when 16628 is divided by 925.
903
Calculate the remainder when 87157 is divided by 89.
26
Calculate the remainder when 103655 is divided by 21.
20
What is the remainder when 142 is divided by 21?
16
What is the remainder when 835188 is divided by 27?
24
Calculate the remainder when 47473 is divided by 1380.
553
Calculate the remainder when 78547 is divided by 340.
7
Calculate the remainder when 20572 is divided by 450.
322
Calculate the remainder when 2568 is divided by 497.
83
Calculate the remainder when 18489 is divided by 2053.
12
Calculate the remainder when 146432 is divided by 53.
46
Calculate the remainder when 5920492 is divided by 551.
548
Calculate the remainder when 5342 is divided by 184.
6
Calculate the remainder when 47487 is divided by 32.
31
Calculate the remainder when 3835 is divided by 98.
13
Calculate the remainder when 124246 is divided by 93.
91
Calculate the remainder when 1411 is divided by 1408.
3
What is the remainder when 1548681 is divided by 741?
732
What is the remainder when 552 is divided by 3?
0
What is the remainder when 112381 is divided by 133?
129
What is the remainder when 112045 is divided by 225?
220
Calculate the remainder when 5841 is divided by 30.
21
Calculate the remainder when 2100 is divided by 260.
20
Calculate the remainder when 108 is divided by 32.
12
What is the remainder when 22550 is divided by 37?
17
What is the remainder when 2758 is divided by 23?
21
Calculate the remainder when 37683 is divided by 103.
88
What is the remainder when 92124 is divided by 275?
274
Calculate the remainder when 17627 is divided by 504.
491
What is the remainder when 1145 is divided by 642?
503
Calculate the remainder when 33231 is divided by 31.
30
Calculate the remainder when 8170 is divided by 816.
10
What is the remainder when 102414 is divided by 17?
6
Calculate the remainder when 330854 is divided by 557.
553
Calculate the remainder when 13798 is divided by 3449.
2
Calculate the remainder when 4038 is divided by 287.
20
Calculate the remainder when 358995 is divided by 22.
21
Calculate the remainder when 46225 is divided by 722.
17
What is the remainder when 12997 is divided by 12977?
20
What is the remainder when 107985 is divided by 3176?
1
What is the remainder when 44907 is divided by 277?
33
Calculate the remainder when 55120 is divided by 37.
27
Calculate the remainder when 11522 is divided by 959.
14
What is the remainder when 26855 is divided by 726?
719
What is the remainder when 18556 is divided by 39?
31
What is the remainder when 5554 is divided by 20?
14
What is the remainder when 33066 is divided by 23?
15
What is the remainder when 54233 is divided by 13503?
221
Calculate the remainder when 1473 is divided by 455.
108
What is the remainder when 5110 is divided by 1018?
20
Calculate the remainder when 15562 is divided by 50.
12
What is the remainder when 26336 is divided by 13155?
26
Calculate the remainder when 622 is divided by 586.
36
What is the remainder when 67134 is divided by 67105?
29
Calculate the remainder when 44413 is divided by 1433.
1423
What is the remainder when 7271 is divided by 1442?
61
Calculate the remainder when 12874 is divided by 146.
26
What is the remainder when 3705 is divided by 856?
281
Calculate the remainder when 46525 is divided by 52.
37
Calculate the remainder when 3901 is divided by 258.
31
What is the remainder when 403 is divided by 25?
3
Calculate the remainder when 163 is divided by 119.
44
Calculate the remainder when 1675 is divided by 277.
13
Calculate the remainder when 410678 is divided by 20.
18
Calculate the remainder when 334 is divided by 77.
26
What is the remainder when 1184 is divided by 74?
0
What is the remainder when 652 is divided by 131?
128
What is the remainder when 5589 is divided by 699?
696
Calculate the remainder when 811 is divided by 314.
183
What is the remainder when 247375 is divided by 473?
469
Calculate the remainder when 3266 is divided by 76.
74
What is the remainder when 821232 is divided by 102652?
16
Calculate the remainder when 36418 is divided by 455.
18
What is the remainder when 30310 is divided by 67?
26
What is the remainder when 5523834 is divided by 803?
800
Calculate the remainder when 1656138 is divided by 68.
66
What is the remainder when 100888 is divided by 3147?
184
Calculate the remainder when 5073 is divided by 1.
0
What is the remainder when 4352 is divided by 395?
7
What is the remainder when 1414783 is divided by 7?
6
What is the remainder when 38333 is divided by 537?
206
What is the remainder when 46614 is divided by 105?
99
What is the remainder when 79489 is divided by 66?
25
What is the remainder when 328413 is divided by 819?
813
What is the remainder when 746974 is divided by 186739?
18
Calculate the remainder when 12849 is divided by 514.
513
What is the remainder when 22274 is divided by 22120?
154
Calculate the remainder when 61680 is divided by 87.
84
What is the remainder when 6462 is divided by 293?
16
What is the remainder when 618566 is divided by 54?
50
Calculate the remainder when 424 is divided by 114.
82
Calculate the remainder when 8717 is divided by 18.
5
What is the remainder when 1280 is divided by 324?
308
Calculate the remainder when 688 is divided by 378.
310
What is the remainder when 3978 is divided by 16?
10
What is the remainder when 6616 is divided by 718?
154
Calculate the remainder when 431875 is divided by 569.
4
What is the remainder when 734 is divided by 725?
9
What is the remainder when 3224 is divided by 180?
164
What is the remainder when 105799 is divided by 44?
23
What is the remainder when 8534 is divided by 106?
54
What is the remainder when 16450 is divided by 156?
70
Calculate the remainder when 148656 is divided by 315.
291
What is the remainder when 12060 is divided by 50?
10
Calculate the remainder when 19704 is divided by 542.
192
What is the remainder when 1002 is divided by 238?
50
What is the remainder when 8433 is divided by 101?
50
What is the remainder when 1729211 is divided by 6?
5
Calculate the remainder when 417712 is divided by 95.
92
What is the remainder when 8741 is divided by 727?
17
What is the remainder when 51442 is divided by 1512?
34
What is the remainder when 2321265 is divided by 114?
111
Calculate the remainder when 15999 is divided by 210.
39
Calculate the remainder when 3597320 is divided by 39.
38
Calculate the remainder when 2886 is divided by 160.
6
Calculate the